{"id":13,"date":"2019-11-02T13:38:18","date_gmt":"2019-11-02T13:38:18","guid":{"rendered":"https:\/\/mfmarketingestrategico.com.br\/site\/?page_id=13"},"modified":"2024-09-23T20:43:31","modified_gmt":"2024-09-23T20:43:31","slug":"sobre-nos","status":"publish","type":"page","link":"https:\/\/mfmarketingestrategico.com.br\/site\/sobre-nos\/","title":{"rendered":"Sobre N\u00f3s"},"content":{"rendered":"\n<p>Somos uma Consultoria de Marketing com atua\u00e7\u00e3o voltada ao planejamento estrat\u00e9gico, para que o seu neg\u00f3cio tenha mais consist\u00eancia, visibilidade e credibilidade.<\/p>\n\n\n\n<p>Adotamos uma metodologia pr\u00f3pria, desenvolvida em mais de uma d\u00e9cada de atua\u00e7\u00e3o, com experi\u00eancia te\u00f3rica e pr\u00e1tica e a\u00e7\u00f5es integradas de comunica\u00e7\u00e3o, considerando tr\u00eas etapas :<\/p>\n\n\n\n<ul>\n<li>Fase 1 &#8211; Estrutura\u00e7\u00e3o de Marketing<\/li>\n\n\n\n<li>Fase 2 &#8211; Consolida\u00e7\u00e3o de Comunica\u00e7\u00e3o<\/li>\n\n\n\n<li>Fase 3 &#8211; Presen\u00e7a Digital<\/li>\n<\/ul>\n\n\n\n<p>Estamos localizados em Mogi das Cruzes, mas atendemos clientes em todo o Brasil, com expertise em pequenas e m\u00e9dias empresas. Conhe\u00e7a mais sobre nossos <a href=\"https:\/\/mfmarketingestrategico.com.br\/site\/servicos\/\">servi\u00e7os <\/a>de marketing e comunica\u00e7\u00e3o.<\/p>\n\n\n\n<div style=\"height:30px\" aria-hidden=\"true\" class=\"wp-block-spacer\"><\/div>\n\n\n\n<div class=\"wp-block-media-text alignwide is-stacked-on-mobile is-vertically-aligned-top\"><figure class=\"wp-block-media-text__media\"><img decoding=\"async\" loading=\"lazy\" width=\"683\" height=\"1024\" src=\"https:\/\/mfmarketingestrategico.com.br\/site\/wp-content\/uploads\/2024\/05\/Mayara-retrato-fotos-May-Rabello-28-683x1024.jpg\" alt=\"Mayara Francine - Consultora de Marketing em Mogi das Cruzes\" class=\"wp-image-1034 size-full\" srcset=\"https:\/\/mfmarketingestrategico.com.br\/site\/wp-content\/uploads\/2024\/05\/Mayara-retrato-fotos-May-Rabello-28-683x1024.jpg 683w, https:\/\/mfmarketingestrategico.com.br\/site\/wp-content\/uploads\/2024\/05\/Mayara-retrato-fotos-May-Rabello-28-200x300.jpg 200w, https:\/\/mfmarketingestrategico.com.br\/site\/wp-content\/uploads\/2024\/05\/Mayara-retrato-fotos-May-Rabello-28-768x1152.jpg 768w, https:\/\/mfmarketingestrategico.com.br\/site\/wp-content\/uploads\/2024\/05\/Mayara-retrato-fotos-May-Rabello-28-1024x1536.jpg 1024w, https:\/\/mfmarketingestrategico.com.br\/site\/wp-content\/uploads\/2024\/05\/Mayara-retrato-fotos-May-Rabello-28-1365x2048.jpg 1365w, https:\/\/mfmarketingestrategico.com.br\/site\/wp-content\/uploads\/2024\/05\/Mayara-retrato-fotos-May-Rabello-28-scaled.jpg 1707w\" sizes=\"(max-width: 683px) 100vw, 683px\" \/><\/figure><div class=\"wp-block-media-text__content\">\n<h2 class=\"wp-block-heading\">Mayara Francine<\/h2>\n\n\n\n<p>Graduada em Comunica\u00e7\u00e3o Institucional e Jornalismo e P\u00f3s-graduada em Gest\u00e3o de Marketing. Al\u00e9m de diversas especializa\u00e7\u00f5es nas \u00e1reas de Marketing Digital, Administra\u00e7\u00e3o e Vendas, Neuroci\u00eancias e Desenvolvimento Humano.<\/p>\n\n\n\n<p>Experi\u00eancia de 15 anos nas \u00e1reas de Comunica\u00e7\u00e3o e Marketing, com foco em estrat\u00e9gias para fortalecimento de marca, atra\u00e7\u00e3o e reten\u00e7\u00e3o de clientes e aumento de vendas.<\/p>\n\n\n\n<p>Atualmente \u00e9 CEO da MF Marketing Estrat\u00e9gico, respons\u00e1vel pelas decis\u00f5es estrat\u00e9gicas e de posicionamento da empresa junto aos p\u00fablicos de interesse do neg\u00f3cio.<\/p>\n<\/div><\/div>\n\n\n\n<div style=\"height:53px\" aria-hidden=\"true\" class=\"wp-block-spacer\"><\/div>\n\n\n\n<figure class=\"wp-block-embed is-type-video is-provider-youtube wp-block-embed-youtube wp-embed-aspect-16-9 wp-has-aspect-ratio\"><div class=\"wp-block-embed__wrapper\">\n<iframe loading=\"lazy\" title=\"Conhe\u00e7a a MF Marketing Estrat\u00e9gico\" width=\"500\" height=\"281\" src=\"https:\/\/www.youtube.com\/embed\/YMOLTqIt1w0?feature=oembed\" frameborder=\"0\" allow=\"accelerometer; autoplay; clipboard-write; encrypted-media; gyroscope; picture-in-picture; web-share\" referrerpolicy=\"strict-origin-when-cross-origin\" allowfullscreen><\/iframe>\n<\/div><\/figure>\n\n\n\n<div style=\"height:18px\" aria-hidden=\"true\" class=\"wp-block-spacer\"><\/div>\n\n\n\n<h2 class=\"wp-block-heading has-text-align-left\"><strong>Clientes e Parceiros <\/strong> <\/h2>\n\n\n\n<section class=\"clients\" id=\"CLIENTS\">\n        <div class=\"container\">\n            <div class=\"row\">\n                <div class=\"col-md-12 wow fadeInLeft animated\" style=\"overflow: hidden\">\n<div class=\"scroll-img\" id=\"scrollbox-clientes\">\n<ul>\n  <li><a href=\"https:\/\/agenciasindical.com.br\/\" target=\"_new\" rel=\"noopener noreferrer\"><img decoding=\"async\" loading=\"lazy\" width=\"90\" height=\"90\" src=\"https:\/\/mfmarketingestrategico.com.br\/site\/wp-content\/uploads\/2022\/10\/MF-Portfolio-2-2.jpg\" border=\"0\"><\/a><\/li>\n  <li><a href=\"https:\/\/www.instagram.com\/felicita_mogi\/\" target=\"_new\" rel=\"noopener noreferrer\"><img decoding=\"async\" loading=\"lazy\" width=\"90\" height=\"90\" src=\"https:\/\/mfmarketingestrategico.com.br\/site\/wp-content\/uploads\/2022\/10\/MF-Portfolio-1-2.jpg\" border=\"0\"><\/a><\/li>\n  <li><a href=\"https:\/\/jrsolucaoesquadrias.com.br\/\" target=\"_new\" rel=\"noopener noreferrer\"><img decoding=\"async\" loading=\"lazy\" width=\"90\" height=\"90\" src=\"https:\/\/mfmarketingestrategico.com.br\/site\/wp-content\/uploads\/2022\/10\/MF-Portfolio-6.jpg\" border=\"0\"><\/a><\/li>\n  <li><a href=\"https:\/\/www.clinicasaopaulo.com.br\/\" target=\"_new\" rel=\"noopener noreferrer\"><img decoding=\"async\" loading=\"lazy\" width=\"90\" height=\"90\" src=\"https:\/\/mfmarketingestrategico.com.br\/site\/wp-content\/uploads\/2022\/10\/MF-Portfolio-1.jpg\" border=\"0\"><\/a><\/li>\n  <li><a href=\"https:\/\/espaco414.com\/\"><img decoding=\"async\" loading=\"lazy\" width=\"90\" height=\"90\" src=\"https:\/\/mfmarketingestrategico.com.br\/site\/wp-content\/uploads\/2022\/10\/21.jpg\" border=\"0\"><\/a><\/li>\n  <li><a href=\"https:\/\/painelart.com.br\/\" target=\"_new\" rel=\"noopener noreferrer\"><img decoding=\"async\" loading=\"lazy\" width=\"90\" height=\"90\" src=\"https:\/\/mfmarketingestrategico.com.br\/site\/wp-content\/uploads\/2022\/10\/MF-Portfolio-5.jpg\" border=\"0\"><\/a><\/li>\n  <li><a href=\"https:\/\/souzalenhas.com.br\/\"><img decoding=\"async\" loading=\"lazy\" width=\"90\" height=\"90\" src=\"https:\/\/mfmarketingestrategico.com.br\/site\/wp-content\/uploads\/2022\/10\/MF-Portfolio-2.png\" border=\"0\"><\/a><\/li>\n   <li><a href=\"http:\/\/www.camarasuzano.sp.gov.br\/\" target=\"_new\" rel=\"noopener noreferrer\"><img decoding=\"async\" loading=\"lazy\" width=\"90\" height=\"90\" src=\"https:\/\/mfmarketingestrategico.com.br\/site\/wp-content\/uploads\/2022\/10\/25.jpg\" border=\"0\"><\/a><\/li>\n   <li><a href=\"http:\/\/thomazalves.com.br\/\" target=\"_new\" rel=\"noopener noreferrer\"><img decoding=\"async\" loading=\"lazy\" width=\"90\" height=\"90\" src=\"https:\/\/mfmarketingestrategico.com.br\/site\/wp-content\/uploads\/2022\/10\/MF-Portfolio-1-1.jpg\" border=\"0\"><\/a><\/li>\n  <li><a href=\"https:\/\/www.instagram.com\/hotelzinhotiabia\/\"><img decoding=\"async\" loading=\"lazy\" width=\"90\" height=\"90\" src=\"https:\/\/mfmarketingestrategico.com.br\/site\/wp-content\/uploads\/2019\/11\/tiabia.jpg\" border=\"0\"><\/a><\/li>\n   <li><a href=\"https:\/\/destraambiental.com.br\/\"><img decoding=\"async\" loading=\"lazy\" width=\"90\" height=\"90\" src=\"https:\/\/mfmarketingestrategico.com.br\/site\/wp-content\/uploads\/2022\/10\/MF-Portfolio-3.jpg\" border=\"0\"><\/a><\/li>\n  <li><a href=\"https:\/\/www.instagram.com\/psico.ireneschatz\/\"><img decoding=\"async\" loading=\"lazy\" width=\"90\" height=\"90\" src=\"https:\/\/mfmarketingestrategico.com.br\/site\/wp-content\/uploads\/2022\/10\/MF-Portfolio-2.jpg\" border=\"0\"><\/a><\/li>\n  <li><a href=\"https:\/\/www.instagram.com\/thaisvargas.terapeuta\/\"><img decoding=\"async\" loading=\"lazy\" width=\"90\" height=\"90\" src=\"https:\/\/mfmarketingestrategico.com.br\/site\/wp-content\/uploads\/2022\/10\/MF-Portfolio-1.png\" border=\"0\"><\/a><\/li>\n  <li><a href=\"https:\/\/www.instagram.com\/ourodadinda\/\"><img decoding=\"async\" loading=\"lazy\" width=\"90\" height=\"90\" src=\"https:\/\/mfmarketingestrategico.com.br\/site\/wp-content\/uploads\/2022\/10\/22.jpg\" border=\"0\"><\/a><\/li>\n   <li><a href=\"http:\/\/mansaoaruja.com.br\/\" target=\"_new\" rel=\"noopener noreferrer\"><img decoding=\"async\" loading=\"lazy\" width=\"90\" height=\"90\" src=\"https:\/\/mfmarketingestrategico.com.br\/site\/wp-content\/uploads\/2019\/11\/mansaoaruja.jpg\" border=\"0\"><\/a><\/li>\n   <li><a href=\"https:\/\/www.instagram.com\/nutri.casouza\/\" target=\"_new\" rel=\"noopener noreferrer\"><img decoding=\"async\" loading=\"lazy\" width=\"90\" height=\"90\" src=\"https:\/\/mfmarketingestrategico.com.br\/site\/wp-content\/uploads\/2019\/12\/camilasouza.jpg\" border=\"0\"><\/a><\/li>  \n   <li><a href=\"https:\/\/institutoguilhermebispo.com.br\/site\"><img decoding=\"async\" loading=\"lazy\" width=\"90\" height=\"90\" src=\"https:\/\/mfmarketingestrategico.com.br\/site\/wp-content\/uploads\/2022\/10\/MF-Portfolio-3.png\" border=\"0\"><\/a><\/li>\n   <li><a href=\"https:\/\/shsadvocacia.adv.br\/\"><img decoding=\"async\" loading=\"lazy\" width=\"90\" height=\"90\" src=\"https:\/\/mfmarketingestrategico.com.br\/site\/wp-content\/uploads\/2022\/10\/24.jpg\" border=\"0\"><\/a><\/li>\n   <li><a href=\"https:\/\/www.instagram.com\/abcdaconstrucaomogi\/\"><img decoding=\"async\" loading=\"lazy\" width=\"90\" height=\"90\" src=\"https:\/\/mfmarketingestrategico.com.br\/site\/wp-content\/uploads\/2022\/10\/MF-Portfolio-2-1.jpg\" border=\"0\"><\/a><\/li>\n   <li><a href=\"https:\/\/www.claudiasantoseventos.com.br\/site\/\" target=\"_new\" rel=\"noopener noreferrer\"><img decoding=\"async\" loading=\"lazy\" width=\"90\" height=\"90\" src=\"https:\/\/mfmarketingestrategico.com.br\/site\/wp-content\/uploads\/2022\/10\/MF-Portfolio-4.jpg\" border=\"0\"><\/a><\/li>\n  <li><a href=\"https:\/\/elisangelagreggio.com.br\/\"><img decoding=\"async\" loading=\"lazy\" width=\"90\" height=\"90\" src=\"https:\/\/mfmarketingestrategico.com.br\/site\/wp-content\/uploads\/2022\/10\/23.jpg\" border=\"0\"><\/a><\/li>\n  <li><a href=\"https:\/\/www.youtube.com\/channel\/UC_EjIE__4nyyraCSgbpWC-A\" target=\"_new\" rel=\"noopener noreferrer\"><img decoding=\"async\" loading=\"lazy\" width=\"90\" height=\"90\" src=\"https:\/\/mfmarketingestrategico.com.br\/site\/wp-content\/uploads\/2021\/02\/11.png\" border=\"0\"><\/a><\/li>\n  <li><a href=\"http:\/\/www.mundodrigo.com.br\/\" target=\"_new\" rel=\"noopener noreferrer\"><img decoding=\"async\" loading=\"lazy\" width=\"90\" height=\"90\" src=\"https:\/\/mfmarketingestrategico.com.br\/site\/wp-content\/uploads\/2019\/11\/mundodrigo.jpg\" border=\"0\"><\/a><\/li>\n  <li><a href=\"https:\/\/www.instagram.com\/doggo.video\/\" target=\"_new\" rel=\"noopener noreferrer\"><img decoding=\"async\" loading=\"lazy\" width=\"90\" height=\"90\" src=\"https:\/\/mfmarketingestrategico.com.br\/site\/wp-content\/uploads\/2022\/10\/MF-Portfolio-3-1.jpg\" border=\"0\"><\/a><\/li>\n  <li><a href=\"https:\/\/www.holdmf.com.br\/\" target=\"_new\" rel=\"noopener noreferrer\"><img decoding=\"async\" loading=\"lazy\" width=\"90\" height=\"90\" src=\"https:\/\/mfmarketingestrategico.com.br\/site\/wp-content\/uploads\/2022\/10\/MF-Portfolio-4-2.jpg\" border=\"0\"><\/a><\/li>\n<\/ul>\n\t\t\t        <\/div>\n\t\t\t            \n\t\t\t           <script type=\"text\/javascript\">\n\t\t\t\t\t\t\t$('#scrollbox-clientes').scrollbox({\n\t\t\t\t\t\t\t\tdirection: 'h',\n\t\t\t\t\t\t\t\tdistance: 154,\n\t\t\t\t\t\t\t\tspeed: 300,\n\t\t\t\t\t\t\t\tdelay: 0\n\t\t\t\t\t\t\t});\n\t\t\t\t\t\t<\/script>\n                <\/div>\n            <\/div>\n        <\/div>\n    <\/section>\n","protected":false},"excerpt":{"rendered":"<p>Somos uma Consultoria de Marketing com atua\u00e7\u00e3o voltada ao planejamento estrat\u00e9gico, para que o seu neg\u00f3cio tenha mais consist\u00eancia, visibilidade e credibilidade. Adotamos uma metodologia pr\u00f3pria, desenvolvida em mais de uma d\u00e9cada de atua\u00e7\u00e3o, com experi\u00eancia te\u00f3rica e pr\u00e1tica e a\u00e7\u00f5es integradas de comunica\u00e7\u00e3o, considerando tr\u00eas etapas : Estamos localizados em Mogi das Cruzes, mas [&hellip;]<\/p>\n","protected":false},"author":1,"featured_media":162,"parent":0,"menu_order":0,"comment_status":"closed","ping_status":"closed","template":"","meta":[],"yoast_head":"<!-- This site is optimized with the Yoast SEO plugin v20.11 - https:\/\/yoast.com\/wordpress\/plugins\/seo\/ -->\n<title>MF Marketing Estrat\u00e9gico - Ag\u00eancia de marketing em Mogi e Regi\u00e3o<\/title>\n<meta name=\"description\" content=\"A MF Marketing Estrat\u00e9gico \u00e9 uma ag\u00eancia de marketing em Mogi das Cruzes e Regi\u00e3o, especializada em solu\u00e7\u00f5es de comunica\u00e7\u00e3o focadas em resultados comerciais\" \/>\n<meta name=\"robots\" content=\"index, follow, max-snippet:-1, max-image-preview:large, max-video-preview:-1\" \/>\n<link rel=\"canonical\" href=\"https:\/\/mfmarketingestrategico.com.br\/site\/sobre-nos\/\" \/>\n<meta property=\"og:locale\" content=\"pt_BR\" \/>\n<meta property=\"og:type\" content=\"article\" \/>\n<meta property=\"og:title\" content=\"MF Marketing Estrat\u00e9gico - Ag\u00eancia de marketing em Mogi e Regi\u00e3o\" \/>\n<meta property=\"og:description\" content=\"A MF Marketing Estrat\u00e9gico \u00e9 uma ag\u00eancia de marketing em Mogi das Cruzes e Regi\u00e3o, especializada em solu\u00e7\u00f5es de comunica\u00e7\u00e3o focadas em resultados comerciais\" \/>\n<meta property=\"og:url\" content=\"https:\/\/mfmarketingestrategico.com.br\/site\/sobre-nos\/\" \/>\n<meta property=\"og:site_name\" content=\"MF Marketing Estrat\u00e9gico\" \/>\n<meta property=\"article:modified_time\" content=\"2024-09-23T20:43:31+00:00\" \/>\n<meta property=\"og:image\" content=\"https:\/\/mfmarketingestrategico.com.br\/site\/wp-content\/uploads\/2019\/12\/logovertical-espacoquadrado-mfmarketingestrategico.png\" \/>\n\t<meta property=\"og:image:width\" content=\"184\" \/>\n\t<meta property=\"og:image:height\" content=\"184\" \/>\n\t<meta property=\"og:image:type\" content=\"image\/png\" \/>\n<meta name=\"twitter:card\" content=\"summary_large_image\" \/>\n<meta name=\"twitter:label1\" content=\"Est. tempo de leitura\" \/>\n\t<meta name=\"twitter:data1\" content=\"7 minutos\" \/>\n<script type=\"application\/ld+json\" class=\"yoast-schema-graph\">{\"@context\":\"https:\/\/schema.org\",\"@graph\":[{\"@type\":\"WebPage\",\"@id\":\"https:\/\/mfmarketingestrategico.com.br\/site\/sobre-nos\/\",\"url\":\"https:\/\/mfmarketingestrategico.com.br\/site\/sobre-nos\/\",\"name\":\"MF Marketing Estrat\u00e9gico - Ag\u00eancia de marketing em Mogi e Regi\u00e3o\",\"isPartOf\":{\"@id\":\"https:\/\/mfmarketingestrategico.com.br\/site\/#website\"},\"datePublished\":\"2019-11-02T13:38:18+00:00\",\"dateModified\":\"2024-09-23T20:43:31+00:00\",\"description\":\"A MF Marketing Estrat\u00e9gico \u00e9 uma ag\u00eancia de marketing em Mogi das Cruzes e Regi\u00e3o, especializada em solu\u00e7\u00f5es de comunica\u00e7\u00e3o focadas em resultados comerciais\",\"breadcrumb\":{\"@id\":\"https:\/\/mfmarketingestrategico.com.br\/site\/sobre-nos\/#breadcrumb\"},\"inLanguage\":\"pt-BR\",\"potentialAction\":[{\"@type\":\"ReadAction\",\"target\":[\"https:\/\/mfmarketingestrategico.com.br\/site\/sobre-nos\/\"]}]},{\"@type\":\"BreadcrumbList\",\"@id\":\"https:\/\/mfmarketingestrategico.com.br\/site\/sobre-nos\/#breadcrumb\",\"itemListElement\":[{\"@type\":\"ListItem\",\"position\":1,\"name\":\"In\u00edcio\",\"item\":\"https:\/\/mfmarketingestrategico.com.br\/site\/\"},{\"@type\":\"ListItem\",\"position\":2,\"name\":\"Sobre N\u00f3s\"}]},{\"@type\":\"WebSite\",\"@id\":\"https:\/\/mfmarketingestrategico.com.br\/site\/#website\",\"url\":\"https:\/\/mfmarketingestrategico.com.br\/site\/\",\"name\":\"MF Marketing Estrat\u00e9gico\",\"description\":\"Consultoria\",\"publisher\":{\"@id\":\"https:\/\/mfmarketingestrategico.com.br\/site\/#organization\"},\"potentialAction\":[{\"@type\":\"SearchAction\",\"target\":{\"@type\":\"EntryPoint\",\"urlTemplate\":\"https:\/\/mfmarketingestrategico.com.br\/site\/?s={search_term_string}\"},\"query-input\":\"required name=search_term_string\"}],\"inLanguage\":\"pt-BR\"},{\"@type\":\"Organization\",\"@id\":\"https:\/\/mfmarketingestrategico.com.br\/site\/#organization\",\"name\":\"MF Marketing Estrat\u00e9gico\",\"url\":\"https:\/\/mfmarketingestrategico.com.br\/site\/\",\"logo\":{\"@type\":\"ImageObject\",\"inLanguage\":\"pt-BR\",\"@id\":\"https:\/\/mfmarketingestrategico.com.br\/site\/#\/schema\/logo\/image\/\",\"url\":\"https:\/\/mfmarketingestrategico.com.br\/site\/wp-content\/uploads\/2019\/12\/logovertical-espacoquadrado-mfmarketingestrategico.png\",\"contentUrl\":\"https:\/\/mfmarketingestrategico.com.br\/site\/wp-content\/uploads\/2019\/12\/logovertical-espacoquadrado-mfmarketingestrategico.png\",\"width\":184,\"height\":184,\"caption\":\"MF Marketing Estrat\u00e9gico\"},\"image\":{\"@id\":\"https:\/\/mfmarketingestrategico.com.br\/site\/#\/schema\/logo\/image\/\"}}]}<\/script>\n<!-- \/ Yoast SEO plugin. -->","yoast_head_json":{"title":"MF Marketing Estrat\u00e9gico - Ag\u00eancia de marketing em Mogi e Regi\u00e3o","description":"A MF Marketing Estrat\u00e9gico \u00e9 uma ag\u00eancia de marketing em Mogi das Cruzes e Regi\u00e3o, especializada em solu\u00e7\u00f5es de comunica\u00e7\u00e3o focadas em resultados comerciais","robots":{"index":"index","follow":"follow","max-snippet":"max-snippet:-1","max-image-preview":"max-image-preview:large","max-video-preview":"max-video-preview:-1"},"canonical":"https:\/\/mfmarketingestrategico.com.br\/site\/sobre-nos\/","og_locale":"pt_BR","og_type":"article","og_title":"MF Marketing Estrat\u00e9gico - Ag\u00eancia de marketing em Mogi e Regi\u00e3o","og_description":"A MF Marketing Estrat\u00e9gico \u00e9 uma ag\u00eancia de marketing em Mogi das Cruzes e Regi\u00e3o, especializada em solu\u00e7\u00f5es de comunica\u00e7\u00e3o focadas em resultados comerciais","og_url":"https:\/\/mfmarketingestrategico.com.br\/site\/sobre-nos\/","og_site_name":"MF Marketing Estrat\u00e9gico","article_modified_time":"2024-09-23T20:43:31+00:00","og_image":[{"width":184,"height":184,"url":"https:\/\/mfmarketingestrategico.com.br\/site\/wp-content\/uploads\/2019\/12\/logovertical-espacoquadrado-mfmarketingestrategico.png","type":"image\/png"}],"twitter_card":"summary_large_image","twitter_misc":{"Est. tempo de leitura":"7 minutos"},"schema":{"@context":"https:\/\/schema.org","@graph":[{"@type":"WebPage","@id":"https:\/\/mfmarketingestrategico.com.br\/site\/sobre-nos\/","url":"https:\/\/mfmarketingestrategico.com.br\/site\/sobre-nos\/","name":"MF Marketing Estrat\u00e9gico - Ag\u00eancia de marketing em Mogi e Regi\u00e3o","isPartOf":{"@id":"https:\/\/mfmarketingestrategico.com.br\/site\/#website"},"datePublished":"2019-11-02T13:38:18+00:00","dateModified":"2024-09-23T20:43:31+00:00","description":"A MF Marketing Estrat\u00e9gico \u00e9 uma ag\u00eancia de marketing em Mogi das Cruzes e Regi\u00e3o, especializada em solu\u00e7\u00f5es de comunica\u00e7\u00e3o focadas em resultados comerciais","breadcrumb":{"@id":"https:\/\/mfmarketingestrategico.com.br\/site\/sobre-nos\/#breadcrumb"},"inLanguage":"pt-BR","potentialAction":[{"@type":"ReadAction","target":["https:\/\/mfmarketingestrategico.com.br\/site\/sobre-nos\/"]}]},{"@type":"BreadcrumbList","@id":"https:\/\/mfmarketingestrategico.com.br\/site\/sobre-nos\/#breadcrumb","itemListElement":[{"@type":"ListItem","position":1,"name":"In\u00edcio","item":"https:\/\/mfmarketingestrategico.com.br\/site\/"},{"@type":"ListItem","position":2,"name":"Sobre N\u00f3s"}]},{"@type":"WebSite","@id":"https:\/\/mfmarketingestrategico.com.br\/site\/#website","url":"https:\/\/mfmarketingestrategico.com.br\/site\/","name":"MF Marketing Estrat\u00e9gico","description":"Consultoria","publisher":{"@id":"https:\/\/mfmarketingestrategico.com.br\/site\/#organization"},"potentialAction":[{"@type":"SearchAction","target":{"@type":"EntryPoint","urlTemplate":"https:\/\/mfmarketingestrategico.com.br\/site\/?s={search_term_string}"},"query-input":"required name=search_term_string"}],"inLanguage":"pt-BR"},{"@type":"Organization","@id":"https:\/\/mfmarketingestrategico.com.br\/site\/#organization","name":"MF Marketing Estrat\u00e9gico","url":"https:\/\/mfmarketingestrategico.com.br\/site\/","logo":{"@type":"ImageObject","inLanguage":"pt-BR","@id":"https:\/\/mfmarketingestrategico.com.br\/site\/#\/schema\/logo\/image\/","url":"https:\/\/mfmarketingestrategico.com.br\/site\/wp-content\/uploads\/2019\/12\/logovertical-espacoquadrado-mfmarketingestrategico.png","contentUrl":"https:\/\/mfmarketingestrategico.com.br\/site\/wp-content\/uploads\/2019\/12\/logovertical-espacoquadrado-mfmarketingestrategico.png","width":184,"height":184,"caption":"MF Marketing Estrat\u00e9gico"},"image":{"@id":"https:\/\/mfmarketingestrategico.com.br\/site\/#\/schema\/logo\/image\/"}}]}},"_links":{"self":[{"href":"https:\/\/mfmarketingestrategico.com.br\/site\/wp-json\/wp\/v2\/pages\/13"}],"collection":[{"href":"https:\/\/mfmarketingestrategico.com.br\/site\/wp-json\/wp\/v2\/pages"}],"about":[{"href":"https:\/\/mfmarketingestrategico.com.br\/site\/wp-json\/wp\/v2\/types\/page"}],"author":[{"embeddable":true,"href":"https:\/\/mfmarketingestrategico.com.br\/site\/wp-json\/wp\/v2\/users\/1"}],"replies":[{"embeddable":true,"href":"https:\/\/mfmarketingestrategico.com.br\/site\/wp-json\/wp\/v2\/comments?post=13"}],"version-history":[{"count":154,"href":"https:\/\/mfmarketingestrategico.com.br\/site\/wp-json\/wp\/v2\/pages\/13\/revisions"}],"predecessor-version":[{"id":1079,"href":"https:\/\/mfmarketingestrategico.com.br\/site\/wp-json\/wp\/v2\/pages\/13\/revisions\/1079"}],"wp:featuredmedia":[{"embeddable":true,"href":"https:\/\/mfmarketingestrategico.com.br\/site\/wp-json\/wp\/v2\/media\/162"}],"wp:attachment":[{"href":"https:\/\/mfmarketingestrategico.com.br\/site\/wp-json\/wp\/v2\/media?parent=13"}],"curies":[{"name":"wp","href":"https:\/\/api.w.org\/{rel}","templated":true}]}}