{"id":19,"date":"2019-11-02T13:39:22","date_gmt":"2019-11-02T13:39:22","guid":{"rendered":"https:\/\/mfmarketingestrategico.com.br\/site\/?page_id=19"},"modified":"2024-09-23T20:50:43","modified_gmt":"2024-09-23T20:50:43","slug":"contato","status":"publish","type":"page","link":"https:\/\/mfmarketingestrategico.com.br\/site\/contato\/","title":{"rendered":"Contato"},"content":{"rendered":"<div class=\"container\">\n<div class=\"row\">\n<div class=\"col-md-12 wow fadeInLeft animated text-center\">\n<p>Dedicamos esse espa\u00e7o para consultas, d\u00favidas, coment\u00e1rios ou outras informa\u00e7\u00f5es sobre nossos servi\u00e7os de marketing estrat\u00e9gico.<\/p>\n<p>Teremos prazer em responder a sua mensagem.<\/p>\n<hr \/>\n<p><strong>Atendimento:\u00a0<\/strong><br \/>\nSegundas as sextas-feiras, das 10h \u00e0s 16h<\/p>\n<p><a title=\"Whatsapp\" href=\"https:\/\/api.whatsapp.com\/send?l=pt_BR&amp;phone=5511995894546\" rel=\"external\">11 99589-4546<\/a><\/p>\n<\/div>\n<\/div>\n<\/div>\n","protected":false},"excerpt":{"rendered":"<p>Dedicamos esse espa\u00e7o para consultas, d\u00favidas, coment\u00e1rios ou outras informa\u00e7\u00f5es sobre nossos servi\u00e7os de marketing estrat\u00e9gico. Teremos prazer em responder a sua mensagem. Atendimento:\u00a0 Segundas as sextas-feiras, das 10h \u00e0s 16h 11 99589-4546<\/p>\n","protected":false},"author":1,"featured_media":0,"parent":0,"menu_order":0,"comment_status":"closed","ping_status":"closed","template":"","meta":[],"yoast_head":"<!-- This site is optimized with the Yoast SEO plugin v20.11 - https:\/\/yoast.com\/wordpress\/plugins\/seo\/ -->\n<title>Entre em contato e conhe\u00e7a nossos servi\u00e7os de Marketing<\/title>\n<meta name=\"description\" content=\"Dedicamos esse espa\u00e7o para consultas, d\u00favidas, coment\u00e1rios ou outras informa\u00e7\u00f5es sobre nossos servi\u00e7os de marketing estrat\u00e9gico.\" \/>\n<meta name=\"robots\" content=\"index, follow, max-snippet:-1, max-image-preview:large, max-video-preview:-1\" \/>\n<link rel=\"canonical\" href=\"https:\/\/mfmarketingestrategico.com.br\/site\/contato\/\" \/>\n<meta property=\"og:locale\" content=\"pt_BR\" \/>\n<meta property=\"og:type\" content=\"article\" \/>\n<meta property=\"og:title\" content=\"Entre em contato e conhe\u00e7a nossos servi\u00e7os de Marketing\" \/>\n<meta property=\"og:description\" content=\"Dedicamos esse espa\u00e7o para consultas, d\u00favidas, coment\u00e1rios ou outras informa\u00e7\u00f5es sobre nossos servi\u00e7os de marketing estrat\u00e9gico.\" \/>\n<meta property=\"og:url\" content=\"https:\/\/mfmarketingestrategico.com.br\/site\/contato\/\" \/>\n<meta property=\"og:site_name\" content=\"MF Marketing Estrat\u00e9gico\" \/>\n<meta property=\"article:modified_time\" content=\"2024-09-23T20:50:43+00:00\" \/>\n<meta name=\"twitter:card\" content=\"summary_large_image\" \/>\n<meta name=\"twitter:label1\" content=\"Est. tempo de leitura\" \/>\n\t<meta name=\"twitter:data1\" content=\"1 minuto\" \/>\n<script type=\"application\/ld+json\" class=\"yoast-schema-graph\">{\"@context\":\"https:\/\/schema.org\",\"@graph\":[{\"@type\":\"WebPage\",\"@id\":\"https:\/\/mfmarketingestrategico.com.br\/site\/contato\/\",\"url\":\"https:\/\/mfmarketingestrategico.com.br\/site\/contato\/\",\"name\":\"Entre em contato e conhe\u00e7a nossos servi\u00e7os de Marketing\",\"isPartOf\":{\"@id\":\"https:\/\/mfmarketingestrategico.com.br\/site\/#website\"},\"datePublished\":\"2019-11-02T13:39:22+00:00\",\"dateModified\":\"2024-09-23T20:50:43+00:00\",\"description\":\"Dedicamos esse espa\u00e7o para consultas, d\u00favidas, coment\u00e1rios ou outras informa\u00e7\u00f5es sobre nossos servi\u00e7os de marketing estrat\u00e9gico.\",\"breadcrumb\":{\"@id\":\"https:\/\/mfmarketingestrategico.com.br\/site\/contato\/#breadcrumb\"},\"inLanguage\":\"pt-BR\",\"potentialAction\":[{\"@type\":\"ReadAction\",\"target\":[\"https:\/\/mfmarketingestrategico.com.br\/site\/contato\/\"]}]},{\"@type\":\"BreadcrumbList\",\"@id\":\"https:\/\/mfmarketingestrategico.com.br\/site\/contato\/#breadcrumb\",\"itemListElement\":[{\"@type\":\"ListItem\",\"position\":1,\"name\":\"In\u00edcio\",\"item\":\"https:\/\/mfmarketingestrategico.com.br\/site\/\"},{\"@type\":\"ListItem\",\"position\":2,\"name\":\"Contato\"}]},{\"@type\":\"WebSite\",\"@id\":\"https:\/\/mfmarketingestrategico.com.br\/site\/#website\",\"url\":\"https:\/\/mfmarketingestrategico.com.br\/site\/\",\"name\":\"MF Marketing Estrat\u00e9gico\",\"description\":\"Consultoria\",\"publisher\":{\"@id\":\"https:\/\/mfmarketingestrategico.com.br\/site\/#organization\"},\"potentialAction\":[{\"@type\":\"SearchAction\",\"target\":{\"@type\":\"EntryPoint\",\"urlTemplate\":\"https:\/\/mfmarketingestrategico.com.br\/site\/?s={search_term_string}\"},\"query-input\":\"required name=search_term_string\"}],\"inLanguage\":\"pt-BR\"},{\"@type\":\"Organization\",\"@id\":\"https:\/\/mfmarketingestrategico.com.br\/site\/#organization\",\"name\":\"MF Marketing Estrat\u00e9gico\",\"url\":\"https:\/\/mfmarketingestrategico.com.br\/site\/\",\"logo\":{\"@type\":\"ImageObject\",\"inLanguage\":\"pt-BR\",\"@id\":\"https:\/\/mfmarketingestrategico.com.br\/site\/#\/schema\/logo\/image\/\",\"url\":\"https:\/\/mfmarketingestrategico.com.br\/site\/wp-content\/uploads\/2019\/12\/logovertical-espacoquadrado-mfmarketingestrategico.png\",\"contentUrl\":\"https:\/\/mfmarketingestrategico.com.br\/site\/wp-content\/uploads\/2019\/12\/logovertical-espacoquadrado-mfmarketingestrategico.png\",\"width\":184,\"height\":184,\"caption\":\"MF Marketing Estrat\u00e9gico\"},\"image\":{\"@id\":\"https:\/\/mfmarketingestrategico.com.br\/site\/#\/schema\/logo\/image\/\"}}]}<\/script>\n<!-- \/ Yoast SEO plugin. -->","yoast_head_json":{"title":"Entre em contato e conhe\u00e7a nossos servi\u00e7os de Marketing","description":"Dedicamos esse espa\u00e7o para consultas, d\u00favidas, coment\u00e1rios ou outras informa\u00e7\u00f5es sobre nossos servi\u00e7os de marketing estrat\u00e9gico.","robots":{"index":"index","follow":"follow","max-snippet":"max-snippet:-1","max-image-preview":"max-image-preview:large","max-video-preview":"max-video-preview:-1"},"canonical":"https:\/\/mfmarketingestrategico.com.br\/site\/contato\/","og_locale":"pt_BR","og_type":"article","og_title":"Entre em contato e conhe\u00e7a nossos servi\u00e7os de Marketing","og_description":"Dedicamos esse espa\u00e7o para consultas, d\u00favidas, coment\u00e1rios ou outras informa\u00e7\u00f5es sobre nossos servi\u00e7os de marketing estrat\u00e9gico.","og_url":"https:\/\/mfmarketingestrategico.com.br\/site\/contato\/","og_site_name":"MF Marketing Estrat\u00e9gico","article_modified_time":"2024-09-23T20:50:43+00:00","twitter_card":"summary_large_image","twitter_misc":{"Est. tempo de leitura":"1 minuto"},"schema":{"@context":"https:\/\/schema.org","@graph":[{"@type":"WebPage","@id":"https:\/\/mfmarketingestrategico.com.br\/site\/contato\/","url":"https:\/\/mfmarketingestrategico.com.br\/site\/contato\/","name":"Entre em contato e conhe\u00e7a nossos servi\u00e7os de Marketing","isPartOf":{"@id":"https:\/\/mfmarketingestrategico.com.br\/site\/#website"},"datePublished":"2019-11-02T13:39:22+00:00","dateModified":"2024-09-23T20:50:43+00:00","description":"Dedicamos esse espa\u00e7o para consultas, d\u00favidas, coment\u00e1rios ou outras informa\u00e7\u00f5es sobre nossos servi\u00e7os de marketing estrat\u00e9gico.","breadcrumb":{"@id":"https:\/\/mfmarketingestrategico.com.br\/site\/contato\/#breadcrumb"},"inLanguage":"pt-BR","potentialAction":[{"@type":"ReadAction","target":["https:\/\/mfmarketingestrategico.com.br\/site\/contato\/"]}]},{"@type":"BreadcrumbList","@id":"https:\/\/mfmarketingestrategico.com.br\/site\/contato\/#breadcrumb","itemListElement":[{"@type":"ListItem","position":1,"name":"In\u00edcio","item":"https:\/\/mfmarketingestrategico.com.br\/site\/"},{"@type":"ListItem","position":2,"name":"Contato"}]},{"@type":"WebSite","@id":"https:\/\/mfmarketingestrategico.com.br\/site\/#website","url":"https:\/\/mfmarketingestrategico.com.br\/site\/","name":"MF Marketing Estrat\u00e9gico","description":"Consultoria","publisher":{"@id":"https:\/\/mfmarketingestrategico.com.br\/site\/#organization"},"potentialAction":[{"@type":"SearchAction","target":{"@type":"EntryPoint","urlTemplate":"https:\/\/mfmarketingestrategico.com.br\/site\/?s={search_term_string}"},"query-input":"required name=search_term_string"}],"inLanguage":"pt-BR"},{"@type":"Organization","@id":"https:\/\/mfmarketingestrategico.com.br\/site\/#organization","name":"MF Marketing Estrat\u00e9gico","url":"https:\/\/mfmarketingestrategico.com.br\/site\/","logo":{"@type":"ImageObject","inLanguage":"pt-BR","@id":"https:\/\/mfmarketingestrategico.com.br\/site\/#\/schema\/logo\/image\/","url":"https:\/\/mfmarketingestrategico.com.br\/site\/wp-content\/uploads\/2019\/12\/logovertical-espacoquadrado-mfmarketingestrategico.png","contentUrl":"https:\/\/mfmarketingestrategico.com.br\/site\/wp-content\/uploads\/2019\/12\/logovertical-espacoquadrado-mfmarketingestrategico.png","width":184,"height":184,"caption":"MF Marketing Estrat\u00e9gico"},"image":{"@id":"https:\/\/mfmarketingestrategico.com.br\/site\/#\/schema\/logo\/image\/"}}]}},"_links":{"self":[{"href":"https:\/\/mfmarketingestrategico.com.br\/site\/wp-json\/wp\/v2\/pages\/19"}],"collection":[{"href":"https:\/\/mfmarketingestrategico.com.br\/site\/wp-json\/wp\/v2\/pages"}],"about":[{"href":"https:\/\/mfmarketingestrategico.com.br\/site\/wp-json\/wp\/v2\/types\/page"}],"author":[{"embeddable":true,"href":"https:\/\/mfmarketingestrategico.com.br\/site\/wp-json\/wp\/v2\/users\/1"}],"replies":[{"embeddable":true,"href":"https:\/\/mfmarketingestrategico.com.br\/site\/wp-json\/wp\/v2\/comments?post=19"}],"version-history":[{"count":21,"href":"https:\/\/mfmarketingestrategico.com.br\/site\/wp-json\/wp\/v2\/pages\/19\/revisions"}],"predecessor-version":[{"id":1082,"href":"https:\/\/mfmarketingestrategico.com.br\/site\/wp-json\/wp\/v2\/pages\/19\/revisions\/1082"}],"wp:attachment":[{"href":"https:\/\/mfmarketingestrategico.com.br\/site\/wp-json\/wp\/v2\/media?parent=19"}],"curies":[{"name":"wp","href":"https:\/\/api.w.org\/{rel}","templated":true}]}}